810/(-4)*(-23800)/210 a prime number?
False
Suppose 6*m - m - 240 = -4*a, 4*m = -5*a + 300. Is (-59 + a)/(1 - (-900)/(-902)) a composite number?
True
Let l = 4845 - -1845. Let f = l - 3751. Is f a prime number?
True
Let x(s) = -17*s**3 - 3*s**2 - 2*s - 1. Suppose 3*z + t + 8 + 2 = 0, 0 = 5*t + 20. Is x(z) prime?
True
Let x(r) = 4*r**2 + 14*r + 5. Is x(17) prime?
True
Let h(o) = -67*o**3 + o**2 - 4*o - 7. Is h(-3) composite?
False
Suppose -s + 5*n + 101 = -626, s + 2*n = 748. Suppose v = 4*k - v - s, 0 = 2*k + 5*v - 389. Is k a composite number?
True
Suppose -5163059 + 1190954 = -45*o. Is o a composite number?
True
Let l be 2/5 + (-94842)/(-45). Let v = 3831 - l. Is v a prime number?
True
Let d(b) = 151*b + 37. Let c be (3/15)/(4/140). Is d(c) a composite number?
True
Suppose 15856 + 11395 = 7*j. Is j a composite number?
True
Let q(d) = 34*d**2 - 6*d + 13. Let w = 26 + -19. Is q(w) a prime number?
True
Let v = 15493 + -4856. Is v composite?
True
Suppose -5*p - 2*r = -10, -p - r + 4*r = -19. Let n(m) be the first derivative of m**4 - 5*m**3/3 - m**2 - 7*m - 38. Is n(p) a prime number?
False
Suppose 3*u = -0*u. Suppose u = -z - z + 6. Suppose z*b + b = 296. Is b prime?
False
Let k(i) = -i**2 + 12*i + 13. Let s be k(9). Let q = s + 15. Is q a composite number?
True
Let u be ((-3)/(-3) - 2)*0. Is -5403*(1/(-3) + u) a prime number?
True
Suppose -15 = -p + 2*h, -3*p - h + 37 + 8 = 0. Suppose -p*m = -20*m + 1015. Is m composite?
True
Suppose 4*b - 292 = -4*m + 428, 4*m = b - 175. Is b a composite number?
False
Suppose 5*s = -51*a + 46*a + 606920, 3 = -a. Is s a prime number?
False
Let d(r) = -r**3 - r**2 - 2*r + 3. Let n be ((-1)/(-2))/(1/(-8)). Let g be d(n). Let z = g + -26. Is z a prime number?
False
Suppose 6*b - 1356 = 3*b. Let h = 831 - b. Is h composite?
False
Let f = -19743 + 42290. Is f prime?
False
Let v = 2138 - 1161. Let c = v - 576. Is c a prime number?
True
Let l(j) = 24*j + 6. Let c be l(-15). Let o = 197 - c. Is o a composite number?
True
Let b(q) = q**3 - 14*q**2 + 28*q - 16. Let c be b(13). Let z = 260 + c. Is z composite?
False
Let j(f) = 3*f**2 + 10*f + 24. Is j(-11) a composite number?
False
Let w = 187 - 185. Let j = -96 + 202. Suppose w*n - n = j. Is n prime?
False
Let a(r) = -306*r**3 + 7*r**2 - 3. Is a(-4) a prime number?
False
Suppose -15 = -3*b - 6. Let q = -3 + b. Suppose q = 3*m - 7*m + 148. Is m prime?
True
Let g = -11269 + 19416. Is g composite?
False
Suppose -23*x = 4*y - 27*x - 4364, 0 = -2*y + 3*x + 2186. Is y prime?
True
Suppose 2*v + 0*o + 3*o = 3904, -4*v + o + 7794 = 0. Is v a composite number?
False
Let s(o) = 4*o**2 - 10*o - 76. Let c be s(14). Suppose -143 + c = 5*i. Is i prime?
False
Let f = 10431 + -740. Is f prime?
False
Let d = -1138 + 1725. Is d a composite number?
False
Let t(n) = 356*n**3 - 23*n**2 + 5*n - 11. Is t(3) composite?
True
Let m(c) = -216*c - 4. Let q be m(-3). Let s = 1129 - q. Is s composite?
True
Let y be (-105)/2*64/(-3). Suppose 0 = -7*w + 2*w + y. Let d = -21 + w. Is d composite?
True
Is (60040/(-60))/(4/(-6)) a composite number?
True
Let b = 72 + -197. Suppose 3*h = 2*d - 405, -88 = -d - 3*h + 137. Let z = b + d. Is z a prime number?
False
Let t = 1 - 2. Let h(a) be the second derivative of -188*a**3/3 + a**2/2 - 80*a. Is h(t) a composite number?
True
Let d be 8*6/(-36)*-3. Suppose -d*t + 312 + 3648 = -2*j, 2*t - 3*j - 1976 = 0. Is t a prime number?
True
Let y(d) = -108*d - 1. Let v be y(-3). Let m(q) = -q**3 + 9*q**2 - 6*q - 13. Let a be m(8). Suppose -a*c + v = -2*c. Is c a prime number?
False
Suppose -3*f + 560 = -11407. Is f a prime number?
True
Suppose -20 = j - 5. Let m be (-892)/5 - 6/j. Is (0 + -1)/(2/m) a prime number?
True
Suppose -3*j = -16 + 4. Suppose 4*r - 2152 = -j*u, 0*r + 5*r = u - 508. Is u a prime number?
False
Let g = -54219 - -77105. Is g composite?
True
Let r(c) be the third derivative of 1/15*c**5 + 0*c + 1/12*c**4 + 5/6*c**3 - 8*c**2 + 0. Is r(-12) composite?
False
Suppose -12*n + n = 3102. Let p = n + 1103. Is p a prime number?
True
Suppose -5*s + 6*s + 10 = 0. Let n be (-5)/(s/12) - 2. Suppose -n*o + 17 = -27. Is o prime?
True
Let d be 10/(-2)*(-2 - 1). Let i be 3/(-3)*d/(-5). Is -958*2/(-12)*i composite?
False
Suppose -l - 1109 = -3*l + g, 3*l + 3*g = 1650. Is l a prime number?
False
Suppose -384 - 305 = -v - 3*c, 2*c = 5*v - 3360. Let h = -375 + v. Is h composite?
True
Let l = 30 - 34. Let d be ((-2)/l)/((-6)/516). Let v = 132 + d. Is v a prime number?
True
Let q(x) = -2*x**2 + 12*x - 6. Let u be q(6). Is (u/15)/((-8)/(-1130))*-2 a composite number?
False
Let l(a) = -17*a**2 - a. Suppose 4*i + 9 = 4*h - 3, -14 = 2*i - 4*h. Let z be l(i). Is 36/162 - 4568/z composite?
True
Let p = 25 - 39. Let x = -18 - p. Is (-2)/x - 3281/(-34) a prime number?
True
Suppose -3*d - 1989 = -6*d. Let v = d - 292. Is v prime?
False
Let p(f) be the second derivative of -f**5/5 - 11*f**4/12 - 2*f**3/3 - 15*f**2/2 - 5*f. Is p(-8) a composite number?
False
Let s(h) = -21*h + 8. Let d be s(7). Let l = d - -259. Let i = 185 - l. Is i a composite number?
True
Let q be ((-7)/3)/(2/(-30)). Is (-3942)/(-7) + (-5)/q prime?
True
Let l be (-42)/4*(-4)/3. Suppose 9*y + 3350 = l*y. Suppose -6*x + y = -x. Is x composite?
True
Suppose -v - 4*t + 2700 = -t, -5*t = 3*v - 8084. Suppose 3*s - 4024 = -2*f, 2*s + 6*f = 2*f + v. Suppose 4*w - s = -0*w. Is w composite?
True
Let m be (-711)/(-18)*14*5. Suppose 2*i - m = -5*i. Is i a prime number?
False
Let r be -10*(3 - 14/4). Suppose -18 = -i - r*y, -5 - 7 = -4*y. Suppose -i*x = -0*m - m - 262, 4*x = 3*m + 356. Is x a prime number?
False
Suppose -3*x = -0*x - 6, -3*x + 24601 = y. Is y a composite number?
True
Let j = -228 + 657. Let w = 916 + j. Is w prime?
False
Suppose 3*c - 1625 = -2*h, -541 = h + 5*c - 1364. Suppose 2*p = -0*p + 3*f + h, 0 = p - f - 403. Is p prime?
True
Let h(r) = 33*r**2 + 3*r + 13. Is h(-8) composite?
True
Suppose 2*n - 12 = 4*p, 1 + 1 = p. Suppose -4*v - 1 = -5*y, -5*v - 7 = -y + n. Is 8*(y + 4) - -3 composite?
False
Let v(m) = -7893*m + 20. Is v(-1) composite?
True
Let q be 1/(-4) + 2984/32. Let z = 432 - q. Is z prime?
False
Let h be -7 + 2 - (-28 - 5). Suppose 0 = h*a - 9*a - 69749. Is a a composite number?
False
Suppose -1392424 = -68*r - 20*r. Is r composite?
False
Let a(z) = -147*z + 1. Let b be a(-2). Suppose -b = -w + 520. Is w a composite number?
True
Is ((-129)/(-301))/(1/(-7)) - -13582 prime?
False
Suppose 6*i + 3*i - 90279 = 0. Is i composite?
True
Let j(u) = 31*u**3 - u**2 - u + 9. Is j(6) prime?
False
Is (7/2)/(2/4) + 69342 prime?
False
Let q(g) = 2*g + 6. Let j(i) = i - 1. Let n(m) = -5*j(m) - q(m). Suppose -9*s = 4*s + 104. Is n(s) composite?
True
Suppose -3*x - 8 + 17 = 0. Suppose -x*d + 246 = -d. Is d prime?
False
Suppose 4*b + 66057 = 7*b - 4*x, b + 2*x - 22019 = 0. Is b composite?
True
Suppose d + 10 = 13. Suppose h - d*h = 10, 2*v + 2*h = 212. Is v prime?
False
Let j(o) = -25*o + 2. Let p be j(-5). Let g(z) = -z + 5. Let t be g(5). Suppose t = -v + 2*v - p. Is v a composite number?
False
Let u(p) = 123*p + 40. Let r be u(12). Is (1 - 4)/((-12)/r) a composite number?
False
Suppose -6*q + 2*b = -2*q - 1522, -2*b + 1131 = 3*q. Is q a prime number?
True
Let n(s) = 3*s - 4. Let o(w) = -w**2 - w + 3. Let v be o(0). Let m be n(v). Suppose 0 = -m*b, 4*b = -x - b + 77. Is x a composite number?
True
Suppose -12*n + 27545 = -5*n. Is n composite?
True
Suppose 3*x + 257 - 1489 = -4*r, -301 = -r + x. Suppose -r = -8*y - 25. Suppose y = 3*l - 322. Is l prime?
False
Let p be (0 - (2 + -43))*9. Suppose 5*c = 5*m - 450 + 1665, -2*c - m + 483 = 0. Let z = p - c. Is z a composite number?
False
Suppose i = 4*z - 4*i - 1338, -2*z + 678 = 2*i. Is z a prime number?
True
Suppose 2*a - 7*b - 1361 = -2*b, -5*b - 2697 = -4*a. Let u = a - -323. Is u a composite number?
False
Let w be (-20456)/(-7) + 4/(-14). Suppose w = -3*o - 1248. Is (-1)/3 + o/(-30) prime?
False
Suppose -5*b - 8*s + 11*s = -42517, 3*b = 5*s + 25523. Is b a composite number?
False
Let h(y) = -184*y + 97. Is h(-10) prime?
False
Let a(h) = -h**3 - 26*h**2 - 25*h + 6. Let j be a(-25). Suppose -6124 = 2*n - j*n. Is n composite?
False
Is ((-21)/14)/(0 - 3/12842) prime?
True
Let b(n) = 19*n**3 - 2*n + 5 + 6*n - 1 + 8*n**3. Is b(3) a prime number?
False
Let w be (204/4)/1